False
Let h = 8 - 6. Suppose n = -h + 6. Suppose -n*q + 103 = -81. Is q composite?
True
Let t(d) = d + 5. Let a be t(-6). Is ((-254)/a)/(0 - -2) composite?
False
Suppose -5*b + 4515 = 5*d, -3*d + 2679 = -3*b - 0*b. Is d composite?
True
Let h be -2 + 64 + 1 + 2. Suppose 0 = -x, 0*p = -p - 2*x + h. Is p a composite number?
True
Let l(d) = -3*d - 3. Let u be l(-2). Suppose -127 = -u*z + 4*m, 5*z = 4*z - m + 33. Is z a composite number?
False
Suppose 0*b - 4*b + 12 = 0. Suppose 0 = m - b*m. Suppose m = -2*k + 3*k - 115. Is k a prime number?
False
Let o(d) = -4*d + 22. Is o(-13) composite?
True
Suppose -5*q - 4*d + 3685 = 0, d = -q + 1002 - 264. Is q a composite number?
False
Let x(y) = -6365*y - 16. Is x(-1) a prime number?
False
Suppose 0*h - 3*h + 765 = 0. Suppose 0 = 6*t - t - h. Is t a composite number?
True
Suppose 2*h - 4*h - 6 = 0. Let z be (26/h)/((-2)/12). Suppose 4*f - z = 3*v + v, 2*f - 16 = -3*v. Is f a composite number?
False
Is 9/(-15) - (-63112)/20 a composite number?
True
Suppose 0 = -0*k + 3*k - 5*w - 162, 280 = 5*k - 5*w. Is k prime?
True
Suppose 0 = -0*a - 5*a, a - 15 = -5*l. Suppose -w - 529 = -2*n, -2*n - w + 514 = w. Suppose -y - q = -n, -q = l*y - 8*y + 1292. Is y a composite number?
True
Suppose 5 = 5*s - 2*b + 4, 2 = -4*s + 3*b. Let d be (6/1 + -2)/s. Suppose 42 = -j + d*j. Is j a prime number?
False
Suppose q + 2*u = -14, q - u + 4*u = -14. Is (-4)/14 - 466/q prime?
False
Let f be (6 - 5)/((-2)/(-10)). Suppose 0*r + f*j - 278 = -3*r, 450 = 5*r - 5*j. Is r prime?
False
Let r = -271 - -490. Let g = 118 + r. Is g a composite number?
False
Let u(z) = 359*z - 10. Is u(7) prime?
True
Let z(h) = h - 10. Let g be z(12). Let m be 1*-3*(g - 3). Is (-1)/(3/m)*-2 a composite number?
False
Let q(w) = w**3 + 11*w**2 + 5*w + 3. Let d(n) = -n**3 + 8*n**2 - 2*n + 6. Let f be d(8). Is q(f) a composite number?
False
Suppose -u - 2*x = -20, 4*u - 52 - 64 = x. Let n = -11 + u. Suppose g + n = 64. Is g a composite number?
False
Let j(m) be the third derivative of -3*m**8/2240 + m**7/1260 - m**6/240 - m**5/40 - m**4/12 - 2*m**2. Let y(o) be the second derivative of j(o). Is y(-2) prime?
True
Let y(n) = 5*n. Let g be y(1). Suppose -2*s - 5*x + 74 = -2*x, 5*x = -g*s + 185. Is s prime?
True
Suppose -3*b + 0*z = -3*z - 6, 3 = -z. Is b/((-3)/(-747)*-1) a prime number?
False
Suppose 0 = -i + 4, 20 = 4*v + 2*i - 0*i. Suppose 463 = v*s - 20. Is s prime?
False
Let k(f) = -3*f - 8. Let d be k(-6). Suppose 2*y - 28 + d = 0. Is y a prime number?
False
Suppose 0*b = 5*b - 280. Let q = b - 33. Is q a composite number?
False
Suppose 4*l = 213 + 107. Let w(z) = z - 9. Let b be w(8). Let q = b + l. Is q a composite number?
False
Suppose -85 = i - 2*i. Is i a prime number?
False
Suppose 5*a - 1 = a - 3*v, -5*a = v - 15. Let o(p) = p**2 - 2*p - 6. Let j be o(-4). Suppose -a*m + 2*m + j = 0. Is m composite?
True
Let d be 1 - ((4 - 3) + -73). Let t = 4 + d. Is t a prime number?
False
Is (2 + -1)/((-5)/(-1985)) composite?
False
Let p = -18 - -31. Suppose -h + p = -a, -4*a + 3*h = 2*h + 58. Is (-132)/(-5) + 6/a a composite number?
True
Let d(c) = -c**3 + 5*c**2 + 3*c - 4. Suppose 0 - 3 = -w. Is d(w) a prime number?
True
Let y(j) = j + 3739. Is y(0) a composite number?
False
Suppose b - 9 = 1. Suppose -4*j + b*y - 319 = 5*y, -66 = j - 4*y. Let d = j - -235. Is d a composite number?
False
Let t(x) = x**2 - x + 5. Let p be t(0). Suppose 2*n + 410 = -2*n + 5*d, 0 = -p*n - 4*d - 492. Let a = -33 - n. Is a prime?
True
Is 3 + (3/(-6))/(2/(-1004)) composite?
True
Let x = 675 + -426. Is x composite?
True
Suppose -p = -4 - 2. Is 9/p - 35/(-2) composite?
False
Let u(z) = -z - 2. Let y be u(-4). Suppose 1 = 3*k + 5*t + 2, -y*t = 4. Is k composite?
False
Let b(f) = f**2 + 4*f - 4. Let c be b(-5). Let m be c/6 + (-3)/18. Suppose 0 = o + o + 3*v - 124, 5*o - 4*v - 287 = m. Is o a prime number?
True
Let k be 12/(-18) + 2001/(-9). Let w = -104 - k. Is w a composite number?
True
Let s = 124 + -28. Suppose -3*v + 1 = -11, 4*k + 2*v - s = 0. Is k prime?
False
Let n(m) = -2 - 704*m - 19*m + 42*m + 6*m. Is n(-1) a prime number?
True
Suppose 1543 = 2*d - 291. Is d a composite number?
True
Let r = 19 + 612. Is r a prime number?
True
Let t = 1537 + -614. Is t a prime number?
False
Suppose 3*p - 15 = 0, 10*p - 40 = -5*r + 5*p. Suppose r*l = 5*u + 252 - 21, 2*l = u + 154. Suppose -4*i - l = -265. Is i a prime number?
True
Suppose -x - 1 = -16. Is x a prime number?
False
Let r(h) = 2*h**2 + h - 2. Let k be r(2). Suppose 2*y + 6 + k = 0. Let a = y + 14. Is a a composite number?
False
Suppose 6*o - 550 = 2132. Is o a prime number?
False
Suppose 63 = f - 93. Suppose 3*t - 54 = f. Suppose -l = b - 35, -b + 5*l = b - t. Is b composite?
True
Let f be (38 + 0)/(6/12). Suppose -5*g = -g - f. Is g a prime number?
True
Suppose 0 = -9*u + u + 7064. Is u composite?
False
Let m = 21 - 36. Is 1744/6 - 5/m prime?
False
Suppose b + w = 136, -671 = -4*b + 3*w - 162. Let k = b + -57. Is k composite?
True
Let x(g) = -2*g**3 - 5*g**2 - 6*g + 11. Is x(-6) composite?
True
Is 106/2*(-2 - -3) prime?
True
Let c(z) = -7*z + 1. Let n be c(1). Let o(q) = -3*q - 7. Let j be o(n). Suppose 3*h - j = -2. Is h composite?
False
Is 2508/10 - (-3)/15 composite?
False
Suppose -299 = 4*z - 1383. Is z a composite number?
False
Let l(q) = q**3 + 6*q**2 + 2*q + 7. Let h be (-4)/10 + (-46)/10. Let r be l(h). Let a = r - 3. Is a a composite number?
False
Let w(h) = -6*h - 2. Let b(x) = -2*x. Let p = 4 + -2. Let m be b(p). Is w(m) a composite number?
True
Let p = 3615 + -2297. Is p a composite number?
True
Suppose -r - 9 + 14 = 0. Suppose -b + 10 = -2*a, 3*b + 0*b - 24 = 3*a. Is (b - 6) + -1 + r composite?
True
Let d = 599 + -264. Is d a prime number?
False
Let u(z) = -32*z + 3. Let p be u(-5). Is 1*(0 + -2) + p a composite number?
True
Suppose -3*m - 733 = -y, 4*m - 737 = -y + 6*m. Is y prime?
False
Suppose 2*v = 5 - 661. Is 4 + -2 - (-1 + v) a composite number?
False
Let i be 2/(-6) + (-8)/3. Let f = i + 90. Is f a composite number?
True
Let w = 2 - 2. Suppose 0*v - v + 59 = w. Suppose -5*z + 36 = -v. Is z a composite number?
False
Suppose 8 + 4 = 3*n. Let h be n + -2*1 + -3. Is (34/(-6))/(h/6) a prime number?
False
Let m = 19 + 1. Suppose -3*n + 12 = -5*n. Let t = n + m. Is t a prime number?
False
Suppose -2*y - s + 4122 + 3657 = 0, -5*s = -5. Is y a composite number?
False
Let q(p) = 35*p**2. Let l be q(-1). Suppose 6 = 3*w - 2*w. Is (l/(-2))/(w/(-12)) composite?
True
Let b be 3 + (-2)/1 - -35. Suppose 5*x - x - b = 0. Is x prime?
False
Let n = -173 - -874. Suppose -n = -3*v + 934. Is v prime?
False
Is (-14)/(-70) - 34/(-5) prime?
True
Let x be 59/(1/((-10)/(-2))). Suppose -4*u = u - x. Is u prime?
True
Let o be 1/(-2) + (-7)/(-2). Suppose 2*y + o + 7 = 0. Let n(v) = -2*v**3 - 7*v**2 + 4. Is n(y) a prime number?
True
Let x(s) = -3 - 29*s + 0 + 5. Is x(-3) composite?
False
Let c(w) = -w**3 + 7*w**2 + 9*w - 1. Let l be c(8). Let u be (4/5)/((-2)/(-5)). Suppose u*y = l*y - 110. Is y prime?
False
Suppose -3*t + 849 = -2*t. Suppose 723 = 4*j - t. Suppose 0 = -0*v + 3*v - j. Is v composite?
False
Let j(h) = h**2 - 4*h - 4. Let v be j(5). Let w = 47 + v. Let t = w + 163. Is t a prime number?
True
Suppose 26 = -3*p + 8. Let t(n) = 6*n**2 - 5. Is t(p) a composite number?
False
Let r = 14 + -20. Let q(m) = m + 8. Let l be q(r). Suppose 0 = 4*a - 3*o - 121, -a - l*a + 94 = o. Is a a composite number?
False
Suppose -4*j - 877 = -3*p, -5*p + j = 6*j - 1485. Is p prime?
False
Let g(k) = -k**2 + 4*k - 1. Let w(d) = -2*d**2 + 7*d - 1. Let i(t) = 9*g(t) - 4*w(t). Let r(h) = -3*h - 1. Let j be r(-2). Is i(j) a prime number?
False
Suppose -4*q + 2209 = 5*s, 2*q = 6*s - 5*s - 453. Is s composite?
True
Let w be 0/(-1) + 2 + 1. Suppose w*d - 188 = -23. Is d a composite number?
True
Suppose 0 = 4*j + 4*p + 16, 4*j + 10*p = 5*p - 15. Let g = -2 - j. Is g a prime number?
True
Suppose -5*u - 1 - 14 = 0. Is -99*(0 + 1/u) prime?
False
Let o = 927 + -340. Is o composite?
False
Let a(h) = 32*h**2 - 5*h + 10. Is a(4) a composite number?
True
Is ((-20)/3 + -1)*-15 prime?
False
Let f = -1 - -3. Suppose -7*r + 2*w + 174 = -f*r, 5*r = 5*w + 180. Is r prime?
False
Is (-1894)/(-3) + (7/21)/(-1) composite?
False
Is -4*(1885/(-4))/5 composite?
True
Let r = -6857 + 10